s**2/2 - 2. Let c be d(-6). Suppose 2 = 4*n - c. What are the prime factors of n?
2
Suppose -4*y + r = -6 + 34, -y + 3*r - 18 = 0. List the prime factors of -8*(1 - (-15)/y).
2, 3
Let f = 4 + -3. List the prime factors of (f + 21)/(1 + 1).
11
Let r(m) = 19*m**3 - m. What are the prime factors of r(1)?
2, 3
Suppose 8*v - 2*v = 204. What are the prime factors of v?
2, 17
Let k(t) = -t**3 + 9*t**2 - 5*t - 9. Let n be k(8). List the prime factors of n/30 - 26/(-4).
7
Suppose -4*r + 2*r + 10 = 0. Suppose 0 = -3*z - 4*d + 37, -z = r*d + 5 + 1. List the prime factors of z.
19
Let s(d) = 11*d**3 + d. Let t(u) = u**2 + 3*u - 3. Let y be t(-4). Let v be s(y). What are the prime factors of (1/2)/(1/v)?
2, 3
Suppose 2 = -o, -5*o + 23 = 4*f - 267. Suppose 0 = -g - 3*b + 17, 2*g - 5*b = 6*g - f. What are the prime factors of g?
2, 5
What are the prime factors of (21/9)/(2/12)?
2, 7
Suppose -204 = 8*q - 12*q. What are the prime factors of q?
3, 17
Let k be ((-3)/(-3))/(1/7). Suppose 3*h - 2*a = 45, 3*h - 38 = -a + k. What are the prime factors of h?
3, 5
Suppose 5*g + 19 = -16. Let d(r) = 2*r**2 + 4*r - 15. List the prime factors of d(g).
5, 11
Suppose 0 = 2*g + 4*b + 80, 56 + 89 = -5*g + b. Let y be g/(-4)*1*4. Suppose -h = 4*h - y. What are the prime factors of h?
2, 3
Let s = 6 + -4. Let i be (s/5)/((-1)/(-35)). Let p = i - 2. What are the prime factors of p?
2, 3
Let m = -3 - -4. Let s be -6 - (-2)/(-1) - -3. What are the prime factors of (16/(-10))/(m/s)?
2
Suppose -8*a + 219 + 101 = 0. What are the prime factors of a?
2, 5
Suppose 0 = 4*w + 4*k - 16, -2*k - 3 = k. Suppose -2*n - 5 = 5*b + 2*n, -25 = -w*n. Let a(x) = x**3 + 6*x**2 + 5*x + 7. List the prime factors of a(b).
7
Suppose 0*i + 16 = 2*i - u, -4*u = 2*i - 16. Suppose -4*r = -i + 24. Let w = -1 - r. List the prime factors of w.
3
Suppose -q + 4*p = -103, -q = 2*p + 3*p - 103. List the prime factors of q.
103
Let c = -78 + 164. What are the prime factors of c?
2, 43
Let l(w) = -w**2 + 13*w + 16. List the prime factors of l(13).
2
List the prime factors of (-10)/(-3)*(-7 - (4 - 65)).
2, 3, 5
Let a(r) = -r + 3. Let h be a(0). What are the prime factors of (14 - (h - 2)) + 0?
13
Let j = 14 - -4. Suppose -3*f + j = -6*f. Let t = f + 20. List the prime factors of t.
2, 7
Let y(m) = 16*m + 9. List the prime factors of y(3).
3, 19
Let x be 1 - (6 + -2 + -3). List the prime factors of (17/(-1))/(-1 - x).
17
Let u(d) = -3*d - d**2 + 5 + 6 - 5 + 2*d**2. List the prime factors of u(5).
2
Suppose n - 1 - 3 = 0. Suppose -n*i = -0*i + 92. Let v = i - -34. List the prime factors of v.
11
What are the prime factors of (-20)/6*(-4 + -5)?
2, 3, 5
Let p be 0*(0 - 1/(-2)). Suppose -j - 3*n + 0*n + 45 = p, -4*n + 181 = 5*j. Suppose -3*o - 3*s = -24, 4*o + 4*s = -s + j. What are the prime factors of o?
7
Suppose -6*z + 15 = -z. Suppose -5 - 2 = -2*b - z*j, -9 = b + 4*j. What are the prime factors of 5 + -5 + b/1?
11
What are the prime factors of -2 + (-8)/(-1) + -4?
2
Let j be (2 - 1) + 14*9. Suppose -3 + 0 = -2*l + c, 4*c - 4 = 4*l. Suppose 5*x = -2*o + j - 32, 0 = -5*x - l*o + 105. What are the prime factors of x?
17
Let p(q) = 18*q**3 - 2*q**2 + 1. Let o be (3/(-9))/((-2)/6). Let y be p(o). Let h = y + -12. List the prime factors of h.
5
Suppose -x = 4*v - 36, -x = -5*v + 4*x + 70. What are the prime factors of 96/v + 9/(-15)?
3
Let p = 376 - 55. List the prime factors of p.
3, 107
Let i(o) = 24*o - 49. List the prime factors of i(6).
5, 19
Let c(p) be the second derivative of -p**3/3 - 4*p**2 - 3*p. What are the prime factors of c(-9)?
2, 5
List the prime factors of (-216)/(-30)*(-10)/(-4).
2, 3
Let o be ((-5)/(-3))/((-4)/12). Let d = o - -9. What are the prime factors of (d + 11)*2/3?
2, 5
Let c(y) = y**2 + 2*y + 3. Let w be c(-2). Suppose 0 = 2*z + 3*k + w - 35, k = 0. List the prime factors of z.
2
List the prime factors of (-2)/2 + 3/((-6)/(-542)).
2, 3, 5
Let b(g) be the second derivative of -g**3/6 + 4*g**2 - 3*g. Let t be b(11). What are the prime factors of t*3*20/(-18)?
2, 5
Suppose -2*a - 68 = 4*f - 0*a, -3*f + 3*a = 42. Let s = 25 + f. What are the prime factors of s?
3
Suppose 0*a - 5*a + 3 = g, -5*a - 12 = -4*g. Suppose -4*c + t + 24 = -3*t, -46 = -5*c - g*t. List the prime factors of c.
2
Let d(v) = 7*v**2 - 2*v + 7. Let t(w) = -6*w**2 + 3*w - 7. Let o(f) = 5*d(f) + 6*t(f). Let r be o(7). What are the prime factors of r/1 + -1 + 3?
2
Suppose -2*s + 5*s = 3*i - 3, 0 = 5*s + 5*i - 35. Suppose 0 = 2*u + s*c + 3, 2*u - 3*c = 27. Suppose u*z - z = 60. List the prime factors of z.
2, 3
What are the prime factors of (0 - (-1776)/15) + 8/(-20)?
2, 59
Let o = 14 + -9. What are the prime factors of o*(-2)/(-25)*65?
2, 13
Let o = -9 + 15. What are the prime factors of 1/(3/o) - -10?
2, 3
Suppose 0 = 5*v + 2*m - 1015, 5*v - 963 - 47 = -m. List the prime factors of v.
3, 67
Suppose -3*c + 32 = c. Suppose -c = 3*q - 107. List the prime factors of q.
3, 11
List the prime factors of (54/(-4) + 1)*-2.
5
Let g = -105 + 155. Suppose 0 = 5*w - 2*f - g - 82, 0 = 4*w + 5*f - 99. List the prime factors of w.
2, 13
Suppose -4*s - 2*c - 2 = 0, -4*c - 17 = -s - c. Suppose 4*f = 2*u + 6*f, -5*f - 15 = s*u. List the prime factors of u.
5
Let i(s) = s**2 - 6*s - 31. List the prime factors of i(12).
41
Let d(v) be the second derivative of -v**5/20 - v**4/12 + 5*v**3/6 + 2*v**2 + 5*v. List the prime factors of d(-3).
7
Suppose 0 = -4*k + 79 + 145. Suppose -i + 11 = -4*j + 3*j, 4*i - j - k = 0. What are the prime factors of i?
3, 5
Let h(t) = -t - 2. Let s be h(-4). Suppose 2*y = -s*y + 44. List the prime factors of y.
11
Suppose -2*m + 0*m = 10, -3*v - 2*m = -35. List the prime factors of v.
3, 5
Suppose 2*r + 0 = 4*o - 8, 32 = 5*o + 3*r. List the prime factors of o.
2
Let d = 938 + -504. List the prime factors of d.
2, 7, 31
Let q(u) = -3*u**2 - 5 + 5*u + 2 + u**3 - 1. Let k be q(3). Let y = k + 0. List the prime factors of y.
11
Let x(f) be the first derivative of 7*f**2 + 2*f - 1. Let z be x(-3). List the prime factors of z/12*12/(-10).
2
Suppose -1 = b + 2. Let s = b - -3. Suppose s = t - 4 - 5. What are the prime factors of t?
3
Suppose -5*a + 434 - 169 = 0. Suppose -3*y + 1 = -a. What are the prime factors of y?
2, 3
Suppose 3*t = 10 + 5. Suppose -5*r + 25 = 3*p - p, -t = -5*p - r. Suppose 22 = -p*z + 2*z. What are the prime factors of z?
11
Suppose 3*x - 8 + 2 = 0. What are the prime factors of x?
2
Let h(g) = g**2 + 2*g + 1. Let w be h(-1). Let d(t) = -t**3 - t + 5. What are the prime factors of d(w)?
5
Let s = 20 - -45. What are the prime factors of s?
5, 13
Suppose -2*p + 9 = -9. What are the prime factors of p?
3
Let i = 117 + -58. List the prime factors of i.
59
Let c = 4 - 2. Let h = -8 + 11. What are the prime factors of c/h + 7/3?
3
Suppose -3 = -g - 1. Suppose -g*b + 0*b = -3*z + 36, -4*z + 62 = 2*b. List the prime factors of z.
2, 7
Let x be (-72)/2*6/(-9). Suppose -3*a + 2*u + 27 - 3 = 0, -4*u - x = -3*a. What are the prime factors of a?
2
What are the prime factors of 2*(-1)/2 - -44?
43
Let t(h) = h**3 + 5*h**2 + 7. What are the prime factors of t(-4)?
23
Let m(h) = -h**3 + h**2 + 2*h + 3. What are the prime factors of m(0)?
3
Let i(p) = 5*p + 65. List the prime factors of i(-12).
5
Let d(m) = -2*m - 1. Let x(r) = -r. Let f(g) = 2*d(g) - 3*x(g). List the prime factors of f(-9).
7
Let o(c) = c - 6. Let k be o(11). Suppose k*h - 20 = -0*h. List the prime factors of (h/(-10))/(4/(-100)).
2, 5
Let u(w) = 2*w + 1. Let m be u(1). Suppose m*q + 3*r - 30 = 0, -3*q - r - 3*r = -34. List the prime factors of q.
2, 3
Suppose 0 = d - 0 - 5. Suppose -5*z + z - 36 = 0. What are the prime factors of 3*(-3)/z*d?
5
Let c(l) = 30*l**2 + 4*l - 3. List the prime factors of c(2).
5
Let x = -45 + 23. Let p = x - -37. What are the prime factors of p?
3, 5
List the prime factors of (4/6)/(46/3519).
3, 17
Let j(u) = u**3 - 4*u**2 + 4*u + 4. Let z be j(4). Suppose -30 = -3*t + 5*m, -3*t + 28 = m - z. List the prime factors of t.
3, 5
Let c be (1 + -4)/((-3)/4). List the prime factors of 0*(-1)/c - -13.
13
List the prime factors of 1*32 - (-8 - -12).
2, 7
List the prime factors of 927/45 - 4/(-10).
3, 7
Suppose -78 = -g - g. Suppose -2*c = c - g. What are the prime factors of c?
13
Let g(d) = d**3 - 7*d**2 - 6*d - 3. Suppose 3*r = 2